Let a(h) = -7*h**3 + 9*h + 18. Let p(d) = 3*d**3 - 6*d - 5. Let v be p(-1). Let c be a(v). Calculate the greatest common factor of 24 and c.
8
Let f(t) = -t**3 - 3*t**2 - 10. Let v be f(-4). Let w be 4402/8 + v/8. Calculate the highest common factor of w and 19.
19
Suppose -3*y + 234 = g, 5*g - 15*y - 1190 = -20*y. What is the highest common factor of 114 and g?
6
Let s(h) = -h**3 - 25*h**2 + 57*h + 89. Let p be s(-27). What is the highest common divisor of p and 248?
8
Let x be (151/604)/((-9)/(-8) - 1). Let f be (-12)/(12/x) - -13. What is the highest common factor of f and 176?
11
Suppose 83*s - 28572 = 28532. What is the greatest common divisor of 112 and s?
16
Suppose -4*g + 657 = -w, -5*g + 90*w - 87*w + 816 = 0. Suppose 158*o + 1715 = g*o. Calculate the greatest common divisor of o and 140.
35
Suppose -58 = -14*o + 40. Suppose o*m + 2*i - 277 = 2*m, 0 = 2*m - 3*i - 107. Calculate the greatest common factor of 11 and m.
11
Let q(i) = -2*i**2 + 15*i - 59. Let b be q(11). Let y = -71 - b. Calculate the greatest common factor of y and 13.
13
Let d = -21085 + 21091. Let a(z) = z**3 - 4*z**2 + 2*z + 1. Let w be a(4). Calculate the greatest common divisor of w and d.
3
Let w(k) = -100*k - 3. Let s be w(-3). Let j = -55684 - -55711. What is the greatest common divisor of j and s?
27
Let j = -355 - 82. Let p = j + 515. What is the greatest common divisor of 117 and p?
39
Let a be 2/((-110)/56 + 2). Let x(h) = -4*h**3 - h**2 + 8*h + 7. Let i be x(-2). Let t = i + a. Calculate the greatest common factor of t and 30.
15
Let g be 3 + 2 - (-1 + (-5130)/6). Calculate the highest common factor of 63 and g.
21
Suppose 2*i + 10 = -d + 20, -2*i + 4*d = -10. Suppose -z + i*j + 14 = -54, -20 = 5*j. What is the highest common factor of 36 and z?
12
Suppose -1470 = -351*l + 345*l. Calculate the greatest common factor of 455 and l.
35
Suppose 0 = 4*c - 11*c + 21. Suppose -361 + 115 = c*v. Let s = 237 - v. Calculate the highest common divisor of 29 and s.
29
Let r = 379 + -178. What is the highest common divisor of r and 1139?
67
Suppose 9*p - 12*p + 35724 = 8493. What is the highest common factor of p and 2191?
313
Suppose 4*a - i - 422 = 1639, 1550 = 3*a - 5*i. What is the highest common divisor of a and 1648?
103
Let k be ((-1)/(-3))/((-5)/(-120)). Suppose 107 = 2*p - 3*t, -592*p + 3*t = -587*p - 299. What is the highest common divisor of p and k?
8
Let v be 30/(-20) - (-246)/12. Suppose v*i = 9*i + 960. Calculate the highest common divisor of i and 72.
24
Suppose -1313 = -3*p - 2*t, -3*p = 2*p - 3*t - 2220. Let d = p + -133. Let i = -235 + 263. What is the highest common factor of i and d?
28
Let n be (1 + -4)/(2 - 7/2). Suppose 6 = n*k - 12. Let t be (2/1)/((-32)/18 + 2). What is the highest common factor of t and k?
9
Let w = 6448 - 6320. Calculate the greatest common factor of 288 and w.
32
Let a(h) = 115*h + 207. Let i be a(18). What is the greatest common divisor of 66 and i?
33
Let c = 54 + -52. Let z(t) = 22*t - 5. Let p be z(c). What is the greatest common divisor of 13 and p?
13
Let s = -1823 + 1270. Let x = -533 - s. Calculate the greatest common divisor of x and 65.
5
Suppose -40*b + 61404 = -33*b. Calculate the highest common divisor of b and 34.
34
Suppose 10*w - 11*w = 16*w - 178976. Calculate the greatest common factor of 16 and w.
16
Suppose 1841 + 698 = 2*x - b, -6*x = 3*b - 7647. Calculate the highest common factor of 144 and x.
24
Let i(t) = t**3 - t**2 - 2*t + 3. Let l be i(2). Suppose -3*k = -2*o - l, k = o + 5*k - 15. Let s = -149 - -170. What is the greatest common divisor of o and s?
3
Let f = 23 - 20. Suppose 4*k - 2270 = -2*u, 4*u - 1342 - 358 = -f*k. What is the greatest common factor of k and 8?
8
Suppose t - 3*r - 11 = 0, 2*t - 5*r - 8 = 11. Let f = -19 + 23. Suppose -f = k - 9. What is the greatest common divisor of t and k?
1
Let b(q) = -q**3 - q**2 - 2*q - 5. Let s be b(-2). What is the greatest common divisor of 309 and s?
3
Suppose 689*s - 706*s + 106743 = 0. What is the highest common factor of 1911 and s?
273
Let m(l) = l**3 + 24*l**2 - 65*l - 84. Let x be m(-26). What is the highest common factor of 18 and x?
2
Suppose r = 27*r - 18*r - 7280. What is the greatest common divisor of r and 350?
70
Let s = -290 + 153. Let w be (-3)/((-54 - -55)/(-1 + -70)). Let v = s + w. Calculate the greatest common factor of v and 19.
19
Let h = -763 - -772. Suppose h*v - 12*v = -126. What is the highest common factor of 266 and v?
14
Let l be (-2)/7 - (-3156)/21. Suppose b - 88 + 3 = -v, 5*v = 3*b + 345. Calculate the highest common divisor of l and v.
75
Suppose -7*n + 49*n = 21*n + 525. Calculate the highest common divisor of 10975 and n.
25
Suppose 22 + 0 = 2*z + 2*d, -4*d + 54 = 5*z. Suppose 3*g = -u, -2*g - 3 = 3*u - z. Calculate the greatest common divisor of 13 and u.
1
Let i = 324 - 164. Suppose i = 5*n + 4*f, 4*f + f - 137 = -4*n. Calculate the greatest common divisor of 14 and n.
14
Let h be (4 + 88/(-33))*(532/16 - 4). Calculate the highest common divisor of h and 4251.
39
Let b(n) = -n**3 - 35*n**2 - 11*n + 15. Let v be b(-35). Suppose 0 = 4*l - 8*l + v. What is the greatest common factor of 80 and l?
20
Suppose -49*k + 2257 = -242. Let v(j) = j - 5. Let c be v(8). What is the highest common divisor of k and c?
3
Suppose -b = -3*y + 85, 55 = 4*y - 2*y - b. Suppose 4*u = y + 42. Let f be (u/(1 - 2))/(51/(-34)). Calculate the greatest common divisor of 12 and f.
12
Let b(c) = c**3 - 9*c**2 + 3*c + 6. Let o be b(8). Let k be o/(-51) - ((-34)/3 - -2). Suppose -n = k - 62. What is the highest common divisor of 572 and n?
52
Suppose 386 = g - 4*x, 1696 = 4*g - 3*x + 61. What is the highest common factor of g and 989?
23
Let r = 5439 - 5319. What is the highest common factor of 1536 and r?
24
Let t(x) be the third derivative of 11*x**4/24 - 41*x**3/2 + 3*x**2 - 85*x. Let f be t(17). Calculate the highest common divisor of 544 and f.
32
Let m(q) = -6*q - 6. Let w be m(-11). Let c = w + -57. Suppose 25 = 2*r - c*b, 2*r + b = -4*b + 65. Calculate the greatest common factor of 60 and r.
20
Suppose -18 = 6*z - 48. Suppose -2*n = z*n - 147. Let j = 25 + -4. What is the highest common divisor of j and n?
21
Let y = 6 - 0. Suppose y*p - 97 = -19. What is the greatest common factor of p and 78?
13
Suppose -54*o = -247716 - 122724. What is the greatest common factor of 80 and o?
20
Let r(o) = -79*o + 5221. Let j be r(66). Let f = 2565 + -1522. Calculate the greatest common factor of j and f.
7
Let i = -50 - -50. Suppose i = 18*q - 20*q + 6. Suppose 5*s + 57 = q*r, 2*r + 5*s = -r + 57. Calculate the greatest common factor of 95 and r.
19
Suppose -12376 = -40*z - 64*z. Calculate the highest common divisor of 374 and z.
17
Suppose 2*r = -3*d + 4*d + 48, 104 = 4*r + 2*d. Let i = -14010 - -14810. What is the greatest common factor of r and i?
25
Let x be (-12)/18*(-945)/6. Suppose -88*v = -81*v - x. What is the greatest common divisor of v and 360?
15
Let n = 9 - -1. Let h(i) = -3*i - 9. Let a be h(-3). Suppose -v - 4*s + 21 + 4 = a, 3*v + 4*s = 35. Calculate the greatest common factor of v and n.
5
Let f(v) = v**2 + 4*v + 6. Suppose 0 = 5*q + 14 + 6. Let s be f(q). Suppose 4*t = t - 3, 3*j = -4*t + 230. Calculate the greatest common divisor of s and j.
6
Let d be 23 - (-2)/(-4)*6. Let w = 181 + -131. Calculate the highest common divisor of d and w.
10
Let h = -17244 - -18639. What is the highest common divisor of 3069 and h?
279
Let q(i) = -3*i - 6. Let b be q(-3). Let r = -67 + 89. Let s be 6/(-18)*18/(-4)*r. What is the highest common factor of b and s?
3
Suppose 3*b - 67 - 290 = 0. Let q(l) = -99*l - 462. Let t be q(-6). Let i = t - b. What is the greatest common divisor of 104 and i?
13
Suppose -5*m = -11 - 4. Suppose -8*c = m*c - c. Suppose -5*w + 10 = c, -44 = -t - w + 4*w. What is the greatest common divisor of t and 10?
10
Suppose -m + 60 = 3*i, -3*i - i + 344 = 5*m. Let k = -66 + m. Let o = 8 + -4. Calculate the highest common divisor of o and k.
2
Suppose c + 248 = 3*c. Let r = 3790 - 3635. Calculate the highest common divisor of c and r.
31
Let f(x) = x**3 + 8*x**2 + 14*x - 6. Let p = -6 + -1. Let y be f(p). Let z = y + 76. Calculate the highest common divisor of 168 and z.
21
Let s = 3572 - 3232. What is the greatest common facto